
INSERT INTO placements (name,slot_limit,is_active) VALUES ('super',10,1),('showcase',10,1),('side',10,1),('standard',10,1);
INSERT INTO profiles (display_name,slug,age,city,about,avatar,is_verified) VALUES ('Kullanıcı 1','kullanici-1',19,'Ankara','Merhaba, tanışmak ister misin?','/assets/ph_1.webp',1);
INSERT INTO ads (profile_id,title,slug,summary,status) VALUES (1,'Tanışma ilanı 1','t-ilan-1','Kısa açıklama 1','active');
INSERT INTO profiles (display_name,slug,age,city,about,avatar,is_verified) VALUES ('Kullanıcı 2','kullanici-2',20,'Ankara','Merhaba, tanışmak ister misin?','/assets/ph_2.webp',1);
INSERT INTO ads (profile_id,title,slug,summary,status) VALUES (2,'Tanışma ilanı 2','t-ilan-2','Kısa açıklama 2','active');
INSERT INTO profiles (display_name,slug,age,city,about,avatar,is_verified) VALUES ('Kullanıcı 3','kullanici-3',21,'Ankara','Merhaba, tanışmak ister misin?','/assets/ph_3.webp',1);
INSERT INTO ads (profile_id,title,slug,summary,status) VALUES (3,'Tanışma ilanı 3','t-ilan-3','Kısa açıklama 3','active');
INSERT INTO profiles (display_name,slug,age,city,about,avatar,is_verified) VALUES ('Kullanıcı 4','kullanici-4',22,'Ankara','Merhaba, tanışmak ister misin?','/assets/ph_4.webp',1);
INSERT INTO ads (profile_id,title,slug,summary,status) VALUES (4,'Tanışma ilanı 4','t-ilan-4','Kısa açıklama 4','active');
INSERT INTO profiles (display_name,slug,age,city,about,avatar,is_verified) VALUES ('Kullanıcı 5','kullanici-5',23,'Ankara','Merhaba, tanışmak ister misin?','/assets/ph_5.webp',1);
INSERT INTO ads (profile_id,title,slug,summary,status) VALUES (5,'Tanışma ilanı 5','t-ilan-5','Kısa açıklama 5','active');
INSERT INTO profiles (display_name,slug,age,city,about,avatar,is_verified) VALUES ('Kullanıcı 6','kullanici-6',24,'Ankara','Merhaba, tanışmak ister misin?','/assets/ph_6.webp',1);
INSERT INTO ads (profile_id,title,slug,summary,status) VALUES (6,'Tanışma ilanı 6','t-ilan-6','Kısa açıklama 6','active');
INSERT INTO profiles (display_name,slug,age,city,about,avatar,is_verified) VALUES ('Kullanıcı 7','kullanici-7',25,'Ankara','Merhaba, tanışmak ister misin?','/assets/ph_7.webp',1);
INSERT INTO ads (profile_id,title,slug,summary,status) VALUES (7,'Tanışma ilanı 7','t-ilan-7','Kısa açıklama 7','active');
INSERT INTO profiles (display_name,slug,age,city,about,avatar,is_verified) VALUES ('Kullanıcı 8','kullanici-8',26,'Ankara','Merhaba, tanışmak ister misin?','/assets/ph_8.webp',1);
INSERT INTO ads (profile_id,title,slug,summary,status) VALUES (8,'Tanışma ilanı 8','t-ilan-8','Kısa açıklama 8','active');
INSERT INTO profiles (display_name,slug,age,city,about,avatar,is_verified) VALUES ('Kullanıcı 9','kullanici-9',27,'Ankara','Merhaba, tanışmak ister misin?','/assets/ph_9.webp',1);
INSERT INTO ads (profile_id,title,slug,summary,status) VALUES (9,'Tanışma ilanı 9','t-ilan-9','Kısa açıklama 9','active');
INSERT INTO profiles (display_name,slug,age,city,about,avatar,is_verified) VALUES ('Kullanıcı 10','kullanici-10',28,'Ankara','Merhaba, tanışmak ister misin?','/assets/ph_10.webp',1);
INSERT INTO ads (profile_id,title,slug,summary,status) VALUES (10,'Tanışma ilanı 10','t-ilan-10','Kısa açıklama 10','active');
INSERT INTO profiles (display_name,slug,age,city,about,avatar,is_verified) VALUES ('Kullanıcı 11','kullanici-11',29,'Ankara','Merhaba, tanışmak ister misin?','/assets/ph_1.webp',1);
INSERT INTO ads (profile_id,title,slug,summary,status) VALUES (11,'Tanışma ilanı 11','t-ilan-11','Kısa açıklama 11','active');
INSERT INTO profiles (display_name,slug,age,city,about,avatar,is_verified) VALUES ('Kullanıcı 12','kullanici-12',30,'Ankara','Merhaba, tanışmak ister misin?','/assets/ph_2.webp',1);
INSERT INTO ads (profile_id,title,slug,summary,status) VALUES (12,'Tanışma ilanı 12','t-ilan-12','Kısa açıklama 12','active');
INSERT INTO placement_items (placement_id,ad_id,slot_no,image,is_active) VALUES (1,1,1,'/assets/ph_1.webp',1);
INSERT INTO placement_items (placement_id,ad_id,slot_no,image,is_active) VALUES (2,1,1,'/assets/ph_1.webp',1);
INSERT INTO placement_items (placement_id,ad_id,slot_no,image,is_active) VALUES (3,1,1,'/assets/ph_1.webp',1);
INSERT INTO placement_items (placement_id,ad_id,slot_no,image,is_active) VALUES (1,2,2,'/assets/ph_2.webp',1);
INSERT INTO placement_items (placement_id,ad_id,slot_no,image,is_active) VALUES (2,2,2,'/assets/ph_2.webp',1);
INSERT INTO placement_items (placement_id,ad_id,slot_no,image,is_active) VALUES (3,2,2,'/assets/ph_2.webp',1);
INSERT INTO placement_items (placement_id,ad_id,slot_no,image,is_active) VALUES (1,3,3,'/assets/ph_3.webp',1);
INSERT INTO placement_items (placement_id,ad_id,slot_no,image,is_active) VALUES (2,3,3,'/assets/ph_3.webp',1);
INSERT INTO placement_items (placement_id,ad_id,slot_no,image,is_active) VALUES (3,3,3,'/assets/ph_3.webp',1);
INSERT INTO placement_items (placement_id,ad_id,slot_no,image,is_active) VALUES (1,4,4,'/assets/ph_4.webp',1);
INSERT INTO placement_items (placement_id,ad_id,slot_no,image,is_active) VALUES (2,4,4,'/assets/ph_4.webp',1);
INSERT INTO placement_items (placement_id,ad_id,slot_no,image,is_active) VALUES (3,4,4,'/assets/ph_4.webp',1);
INSERT INTO placement_items (placement_id,ad_id,slot_no,image,is_active) VALUES (1,5,5,'/assets/ph_5.webp',1);
INSERT INTO placement_items (placement_id,ad_id,slot_no,image,is_active) VALUES (2,5,5,'/assets/ph_5.webp',1);
INSERT INTO placement_items (placement_id,ad_id,slot_no,image,is_active) VALUES (3,5,5,'/assets/ph_5.webp',1);
INSERT INTO placement_items (placement_id,ad_id,slot_no,image,is_active) VALUES (1,6,6,'/assets/ph_6.webp',1);
INSERT INTO placement_items (placement_id,ad_id,slot_no,image,is_active) VALUES (2,6,6,'/assets/ph_6.webp',1);
INSERT INTO placement_items (placement_id,ad_id,slot_no,image,is_active) VALUES (3,6,6,'/assets/ph_6.webp',1);
INSERT INTO placement_items (placement_id,ad_id,slot_no,image,is_active) VALUES (1,7,7,'/assets/ph_7.webp',1);
INSERT INTO placement_items (placement_id,ad_id,slot_no,image,is_active) VALUES (2,7,7,'/assets/ph_7.webp',1);
INSERT INTO placement_items (placement_id,ad_id,slot_no,image,is_active) VALUES (3,7,7,'/assets/ph_7.webp',1);
INSERT INTO placement_items (placement_id,ad_id,slot_no,image,is_active) VALUES (1,8,8,'/assets/ph_8.webp',1);
INSERT INTO placement_items (placement_id,ad_id,slot_no,image,is_active) VALUES (2,8,8,'/assets/ph_8.webp',1);
INSERT INTO placement_items (placement_id,ad_id,slot_no,image,is_active) VALUES (3,8,8,'/assets/ph_8.webp',1);
INSERT INTO placement_items (placement_id,ad_id,slot_no,image,is_active) VALUES (1,9,9,'/assets/ph_9.webp',1);
INSERT INTO placement_items (placement_id,ad_id,slot_no,image,is_active) VALUES (2,9,9,'/assets/ph_9.webp',1);
INSERT INTO placement_items (placement_id,ad_id,slot_no,image,is_active) VALUES (3,9,9,'/assets/ph_9.webp',1);
INSERT INTO placement_items (placement_id,ad_id,slot_no,image,is_active) VALUES (1,10,10,'/assets/ph_10.webp',1);
INSERT INTO placement_items (placement_id,ad_id,slot_no,image,is_active) VALUES (2,10,10,'/assets/ph_10.webp',1);
INSERT INTO placement_items (placement_id,ad_id,slot_no,image,is_active) VALUES (3,10,10,'/assets/ph_10.webp',1);